{"id":158,"date":"2012-11-19T00:24:21","date_gmt":"2012-11-18T23:24:21","guid":{"rendered":"http:\/\/www.elplafon.es\/w\/?page_id=158"},"modified":"2025-10-14T17:54:19","modified_gmt":"2025-10-14T15:54:19","slug":"el-plafon","status":"publish","type":"page","link":"https:\/\/www.elplafon.es\/w\/el-plafon\/","title":{"rendered":"El Plaf\u00f3n"},"content":{"rendered":"<p><strong>El Plaf\u00f3n<\/strong> es el \u00fanico <strong>roc\u00f3dromo<\/strong> disponible para escalar en Ciudad Real capital. Surgi\u00f3 como iniciativa de un grupo de escaladores y monta\u00f1eros de la capital y alrededores que decidi\u00f3, dada la pasividad de las administraciones, solucionar con un enfoque autogestionado la carencia en este sentido que ten\u00eda nuestra ciudad.<\/p>\n<p>Se constituy\u00f3 como Club Deportivo Elemental en el verano de 2006. Una vez localizado un local acorde a nuestras posibilidades econ\u00f3micas, una cochera grande en la calle Cig\u00fcela, comenzamos el duro trabajo, tanto f\u00edsico como econ\u00f3mico, de crear un roc\u00f3dromo desde cero.<\/p>\n<p><img loading=\"lazy\" decoding=\"async\" class=\"aligncenter size-full wp-image-1445\" src=\"http:\/\/www.elplafon.es\/w\/wp-content\/uploads\/2012\/11\/plafon-antiguo-2009.jpg\" alt=\"SONY DSC\" width=\"640\" height=\"427\" srcset=\"https:\/\/www.elplafon.es\/w\/wp-content\/uploads\/2012\/11\/plafon-antiguo-2009.jpg 640w, https:\/\/www.elplafon.es\/w\/wp-content\/uploads\/2012\/11\/plafon-antiguo-2009-300x200.jpg 300w\" sizes=\"auto, (max-width: 640px) 100vw, 640px\" \/><\/p>\n<p>Tras 5 a\u00f1os de trabajo, compes inolvidables y muy buenos ratos entre colegas en el local de la C\/ Cig\u00fcela, a principios de 2012 dimos el salto.<\/p>\n<p>Nuestro nuevo laboratorio es una nave industrial en el Pol\u00edgono Industrial Larache, en la <strong>C\/ La Solana, 21<\/strong> (junto a Met\u00e1licas Nicasio Navarro Mart\u00edn).<\/p>\n<p>En la actualidad El Plaf\u00f3n supera ya los 65 socios. Estos pagan una cuota mensual con la cual se soportan todos los gastos generados por el mismo. Es importante se\u00f1alar que no se trata de una empresa y que su actividad es sin \u00e1nimo de lucro. Los ingresos se aportan entre todos y los gastos se deciden entre todos.<\/p>\n<p>En El Plaf\u00f3n se dan cita gente de todo tipo. Desde gente sin ninguna experiencia que quiere aprender a escalar hasta gente que lleva m\u00e1s de 15 a\u00f1os en el mundo de la escalada y la monta\u00f1a. Tambi\u00e9n, a trav\u00e9s de la Escuela de padres, estamos preparando a los m\u00e1s peque\u00f1os mediante divertidos juegos para que sean los escaladores del ma\u00f1ana.<\/p>\n<p>Adem\u00e1s de c\u00f3mo sala de entrenamiento, el Plaf\u00f3n se ha convertido con el tiempo en un punto de encuentro entre los aficionados a los deportes en la naturaleza, junt\u00e1ndose en el local a compartir sus experiencias as\u00ed como para organizar nuevas salidas y actividades, entre las que destacan:<\/p>\n<ul>\n<li>Concurso de fotograf\u00eda de monta\u00f1a y naturaleza.<\/li>\n<li>Ciclo de cine de monta\u00f1a.<\/li>\n<li>Jornadas de Monta\u00f1a.<\/li>\n<li>Climbing parties.<\/li>\n<li>Competiciones de escalada en bloque indoor.<\/li>\n<li>Y un largo etc.<\/li>\n<\/ul>\n<p>El Plaf\u00f3n tambi\u00e9n tiene como objetivo la difusi\u00f3n de la escalada y deportes de monta\u00f1a entre los j\u00f3venes, as\u00ed como la equipaci\u00f3n y mantenimiento de nuevas zonas de escalada en la provincia de Ciudad Real. En este sentido es de destacar el trabajo que est\u00e1n realizando algunos miembros del club en la zona de <a href=\"http:\/\/es.wikipedia.org\/wiki\/Puebla_de_Don_Rodrigo\" target=\"_blank\" rel=\"noopener\">Puebla de Don Rodrigo<\/a>.<\/p>\n<p>Si ya te interesa la escalada o si simplemente tienes curiosidad p\u00e1sate y prueba.<\/p>\n<p><strong>El Plaf\u00f3n, en mayo de 2012:<\/strong><\/p>\n<p><img decoding=\"async\" style=\"width: 600px; height: 800px; margin: 5px;\" src=\"https:\/\/lh6.googleusercontent.com\/-h9NlfrE-U10\/T7TaqVDI8hI\/AAAAAAAAC60\/W-_nz8d7A9s\/s800\/551023_3979438134177_1527364340_3222874_2109713483_n.jpg\" alt=\"\" \/><\/p>\n<p><img decoding=\"async\" style=\"width: 598px; height: 800px; margin: 5px;\" src=\"https:\/\/lh6.googleusercontent.com\/-pb8y0EdeHxo\/T7TaqQes-BI\/AAAAAAAAC64\/La9zSdKK1B8\/s800\/528066_10150787319945890_764840889_9665616_930768872_n.jpg\" alt=\"\" \/><\/p>\n<p><strong>Creando el nuevo Plaf\u00f3n:<\/strong><br \/>\n<iframe loading=\"lazy\" src=\"http:\/\/www.youtube.com\/embed\/VYQ7OT4xolA\" width=\"640\" height=\"360\" frameborder=\"0\" allowfullscreen=\"allowfullscreen\"><\/iframe><strong><br \/>\n<\/strong><\/p>\n","protected":false},"excerpt":{"rendered":"<p>El Plaf\u00f3n es el \u00fanico roc\u00f3dromo disponible para escalar en Ciudad Real capital. Surgi\u00f3 como iniciativa de un grupo de escaladores y monta\u00f1eros de la capital y alrededores que decidi\u00f3, dada la pasividad de las administraciones, solucionar con un enfoque autogestionado la carencia en este sentido que ten\u00eda nuestra ciudad. Se constituy\u00f3 como Club Deportivo [&hellip;]<\/p>\n","protected":false},"author":2,"featured_media":0,"parent":0,"menu_order":0,"comment_status":"open","ping_status":"closed","template":"","meta":{"footnotes":""},"class_list":["post-158","page","type-page","status-publish","hentry","odd"],"_links":{"self":[{"href":"https:\/\/www.elplafon.es\/w\/wp-json\/wp\/v2\/pages\/158","targetHints":{"allow":["GET"]}}],"collection":[{"href":"https:\/\/www.elplafon.es\/w\/wp-json\/wp\/v2\/pages"}],"about":[{"href":"https:\/\/www.elplafon.es\/w\/wp-json\/wp\/v2\/types\/page"}],"author":[{"embeddable":true,"href":"https:\/\/www.elplafon.es\/w\/wp-json\/wp\/v2\/users\/2"}],"replies":[{"embeddable":true,"href":"https:\/\/www.elplafon.es\/w\/wp-json\/wp\/v2\/comments?post=158"}],"version-history":[{"count":11,"href":"https:\/\/www.elplafon.es\/w\/wp-json\/wp\/v2\/pages\/158\/revisions"}],"predecessor-version":[{"id":2986,"href":"https:\/\/www.elplafon.es\/w\/wp-json\/wp\/v2\/pages\/158\/revisions\/2986"}],"wp:attachment":[{"href":"https:\/\/www.elplafon.es\/w\/wp-json\/wp\/v2\/media?parent=158"}],"curies":[{"name":"wp","href":"https:\/\/api.w.org\/{rel}","templated":true}]}}

El Plafón

<p><strong>El Plafón</strong> es el único <strong>rocódromo</strong> disponible para escalar en Ciudad Real capital. Surgió como iniciativa de un grupo de escaladores y montañeros de la capital y alrededores que decidió, dada la pasividad de las administraciones, solucionar con un enfoque autogestionado la carencia en este sentido que tenía nuestra ciudad.</p>
<p>Se constituyó como Club Deportivo Elemental en el verano de 2006. Una vez localizado un local acorde a nuestras posibilidades económicas, una cochera grande en la calle Cigüela, comenzamos el duro trabajo, tanto físico como económico, de crear un rocódromo desde cero.</p>
<p><img loading="lazy" decoding="async" class="aligncenter size-full wp-image-1445" src="http://www.elplafon.es/w/wp-content/uploads/2012/11/plafon-antiguo-2009.jpg" alt="SONY DSC" width="640" height="427" srcset="https://www.elplafon.es/w/wp-content/uploads/2012/11/plafon-antiguo-2009.jpg 640w, https://www.elplafon.es/w/wp-content/uploads/2012/11/plafon-antiguo-2009-300x200.jpg 300w" sizes="auto, (max-width: 640px) 100vw, 640px" /></p>
<p>Tras 5 años de trabajo, compes inolvidables y muy buenos ratos entre colegas en el local de la C/ Cigüela, a principios de 2012 dimos el salto.</p>
<p>Nuestro nuevo laboratorio es una nave industrial en el Polígono Industrial Larache, en la <strong>C/ La Solana, 21</strong> (junto a Metálicas Nicasio Navarro Martín).</p>
<p>En la actualidad El Plafón supera ya los 65 socios. Estos pagan una cuota mensual con la cual se soportan todos los gastos generados por el mismo. Es importante señalar que no se trata de una empresa y que su actividad es sin ánimo de lucro. Los ingresos se aportan entre todos y los gastos se deciden entre todos.</p>
<p>En El Plafón se dan cita gente de todo tipo. Desde gente sin ninguna experiencia que quiere aprender a escalar hasta gente que lleva más de 15 años en el mundo de la escalada y la montaña. También, a través de la Escuela de padres, estamos preparando a los más pequeños mediante divertidos juegos para que sean los escaladores del mañana.</p>
<p>Además de cómo sala de entrenamiento, el Plafón se ha convertido con el tiempo en un punto de encuentro entre los aficionados a los deportes en la naturaleza, juntándose en el local a compartir sus experiencias así como para organizar nuevas salidas y actividades, entre las que destacan:</p>
<ul>
<li>Concurso de fotografía de montaña y naturaleza.</li>
<li>Ciclo de cine de montaña.</li>
<li>Jornadas de Montaña.</li>
<li>Climbing parties.</li>
<li>Competiciones de escalada en bloque indoor.</li>
<li>Y un largo etc.</li>
</ul>
<p>El Plafón también tiene como objetivo la difusión de la escalada y deportes de montaña entre los jóvenes, así como la equipación y mantenimiento de nuevas zonas de escalada en la provincia de Ciudad Real. En este sentido es de destacar el trabajo que están realizando algunos miembros del club en la zona de <a href="http://es.wikipedia.org/wiki/Puebla_de_Don_Rodrigo" target="_blank" rel="noopener">Puebla de Don Rodrigo</a>.</p>
<p>Si ya te interesa la escalada o si simplemente tienes curiosidad pásate y prueba.</p>
<p><strong>El Plafón, en mayo de 2012:</strong></p>
<p><img decoding="async" style="width: 600px; height: 800px; margin: 5px;" src="https://lh6.googleusercontent.com/-h9NlfrE-U10/T7TaqVDI8hI/AAAAAAAAC60/W-_nz8d7A9s/s800/551023_3979438134177_1527364340_3222874_2109713483_n.jpg" alt="" /></p>
<p><img decoding="async" style="width: 598px; height: 800px; margin: 5px;" src="https://lh6.googleusercontent.com/-pb8y0EdeHxo/T7TaqQes-BI/AAAAAAAAC64/La9zSdKK1B8/s800/528066_10150787319945890_764840889_9665616_930768872_n.jpg" alt="" /></p>
<p><strong>Creando el nuevo Plafón:</strong><br />
<iframe loading="lazy" src="http://www.youtube.com/embed/VYQ7OT4xolA" width="640" height="360" frameborder="0" allowfullscreen="allowfullscreen"></iframe><strong><br />
</strong></p>

<p>El Plafón es el único rocódromo disponible para escalar en Ciudad Real capital. Surgió como iniciativa de un grupo de escaladores y montañeros de la capital y alrededores que decidió, dada la pasividad de las administraciones, solucionar con un enfoque autogestionado la carencia en este sentido que tenía nuestra ciudad. Se constituyó como Club Deportivo [&hellip;]</p>
